et a = x - 2. Let o(y) = 2*y**3 - 13*y**2 - 3*y + 12. Let l(s) = 7*s**3 - 36*s**2 - 8*s + 33. Let u(f) = -4*l(f) + 11*o(f). Determine u(a).
-6
Let z(l) = 9*l**2 - 17*l - 14. Let b(c) = -3*c**2 + 6*c + 5. Let o(v) = 17*b(v) + 6*z(v). Suppose 131*x = 133*x - 2. What is o(x)?
4
Let a = -33123/2 - -16563. Let l(d) be the second derivative of -a*d**3 - 1/12*d**4 - 2*d**2 + 0 + 34*d. Calculate l(-6).
14
Let o(w) = -9*w - 5930 + 5926 - 2*w - 4*w**2. What is o(-4)?
-24
Let v(d) = d + 2. Suppose 12 + 9 = 7*s. Let g(q) = 4*q**2 + q - 5. Let z(j) = -2*j**2 - j + 2. Let b(f) = -3*g(f) - 5*z(f). Let m be b(s). What is v(m)?
-5
Let t(n) = 6*n. Suppose -6*s + 122 = -s + 102. What is t(s)?
24
Let h(b) = -1690*b + 3387*b - 1692*b + 71. Let f be h(-13). Let m(t) = 4*t - 14. Determine m(f).
10
Let h(a) = 3*a - 53. Let i = 4495 + -4477. What is h(i)?
1
Let w(b) = -1. Let k(t) = 2*t - 9. Let g(r) = k(r) - 6*w(r). Let a(y) = y**3 - 12*y**2 + 4*y + 35. Let o be a(14). Let z = -478 + o. Give g(z).
7
Let j(z) = -5*z + 147. Let h = -37486 + 37508. What is j(h)?
37
Suppose -3*b + 8 = 3*j + 2, -2*j + 19 = -b. Let p(f) = -2 + 6*f - 5 - j*f + f + f. What is p(10)?
3
Let a(m) = m**3 + m - 12. Let l(d) = 2*d**3 - 18*d**2 - 21*d + 10. Let c be l(10). What is a(c)?
-12
Let r(t) = 3*t + 3. Let w(z) = -z**2 + 17*z - 29. Suppose -5*d + 25 = 0, -2*d - 3 = -2*q + q. Let v be w(q). Suppose v = 4*l + 7. What is r(l)?
15
Let r(v) = v**2 + 5*v - 2. Let c = -367 - -359. Let n be (64/c - -9) + -5. What is r(n)?
-6
Let b(i) be the second derivative of i**4/12 - 5*i**3/3 - 9*i**2/2 + 8*i. Suppose 0 = 342*r - 95*r - 2470. Calculate b(r).
-9
Let t(f) = f**3 - 2*f**2 + 9. Suppose -4*b = -2146 + 174. Let u = 493 - b. Give t(u).
9
Let h(x) = -6*x**2 + 4*x**2 - 12 + 15 + 6*x**2 - x**3 + 10*x + 3*x**2. What is h(7)?
73
Let l(z) = 2*z**3 + 8*z**2 - 4*z + 6. Let c(w) = -3*w**3 - 9*w**2 + 4*w - 6. Let u(y) = -3*c(y) - 4*l(y). Let v be 8 - (6/13)/(438/3796). Calculate u(v).
-6
Suppose 4 - 8 = 4*x, 2*x - 6 = 4*g. Let p(i) = 7*i - 9. Let o(m) = -3*m + 4. Let r(q) = g*p(q) - 5*o(q). Give r(3).
1
Let r(q) = -q**3 - 2*q**2 + 3*q - 3. Let w be r(-3). Let i(g) = -g - 1 - 107107*g**2 + 2*g**3 + 53562*g**2 + 53549*g**2. Calculate i(w).
-16
Let j(h) = 5*h**3 + 15*h - 35. Let t(k) = -3*k**3 - 8*k + 19. Let y(l) = -6*j(l) - 11*t(l). Calculate y(2).
21
Let r(o) be the first derivative of o**3/3 - 3*o**2/2 - 2*o - 1. Let c(l) = -32*l - 667. Suppose 150 - 24 = -6*y. Let w be c(y). Determine r(w).
8
Suppose 0 = y + y + 98. Let z(i) = -i**2 - 2*i + 42. Let k be z(0). Let f = y + k. Let v(d) = d**3 + 7*d**2 + 3. Calculate v(f).
3
Let n = -73 + 61. Let i = n + 11. Let p be (-15 + 17)*i/(-2). Let d(b) = -7*b**3 - b**2 - b + 1. Determine d(p).
-8
Let w(r) = -r**3 + 23*r**2 - 42*r + 6. Let n be w(21). Let q(k) = 7*k**2 - 5*k**2 - k**2 + 2*k - 9*k + 1. Calculate q(n).
-5
Let p = 516 - 395. Let h(w) = -116*w - 115*w - p*w - 20*w**3 + 351*w. Determine h(-1).
21
Let k(u) = 4*u**2. Let f(j) = -3*j**3 - 16*j**2 - 18*j + 16. Let m(p) = p**3 - p**2 - p + 1. Let o(q) = -f(q) - 4*m(q). Let r be o(21). Determine k(r).
4
Let x be ((-8)/(-14))/(-55 + 17028/308). Let h(i) = -48*i + 122. Determine h(x).
26
Let x = -2762 + 2763. Let n(q) = 13*q**3 + q**2 - 3*q + 2. Calculate n(x).
13
Let s = -91 + 104. Let m(k) = -12*k + 3 + 2 - 6 + s*k. Let g = 17 - 19. Calculate m(g).
-3
Let i(w) = 7608*w - 7585*w - 7 + 3 - 11 + 3. Calculate i(-3).
-81
Let a(i) = 8 + i + 52*i**2 + 77*i**2 + 49*i**2 - 179*i**2. What is a(0)?
8
Let z be (16100/16)/7 - 3/(-12). Suppose -4*l + z = -0*l. Let c(j) = -39 - l + 70 + 2*j. Give c(5).
5
Let j(a) be the second derivative of -1/6*a**3 + 0 - 2/3*a**4 + 68*a + 1/20*a**5 + 5*a**2. Give j(8).
2
Let w(v) be the second derivative of -v**5/20 - 7*v**4/6 - 23*v**3/6 + 9*v**2 - 2158*v. Give w(-12).
6
Let n be 3/2 + 5*5/50. Let l(s) = -n*s - 34 - 3*s + 0*s + 5*s**2 + 3*s + 31 - s**3. What is l(5)?
-13
Suppose 568*c - 55 = 1649. Let u(x) = -5*x**2 - 4*x + 4. Determine u(c).
-53
Suppose -3*c = -0*c - 2*j + 58, -4*j + 6 = -c. Let h = 32 + c. Let n(g) = -g**3 + 11*g**2 - 11*g + 3. Let o be n(h). Let l(y) = -y**2 - 7*y - 6. Give l(o).
-6
Suppose -3*x + 6 = -3. Let y(o) = -17*o + 0 - x*o**2 - 1 - 1 - 4. Let d be y(-5). Let u(j) = -j**3 + 4*j**2 - j. Calculate u(d).
-4
Let v(a) = 2*a + 3. Let u(r) = -r - 5. Let x = -127 - -49. Let t = 77 + x. Let p be u(t). Calculate v(p).
-5
Let v be (8 - 234/27) + (-24)/18. Let q(f) = -9*f**3 - f**2 + 4*f + 4. Calculate q(v).
64
Suppose h = -5*j + 22, 97*h - 100*h - 19 = -2*j. Let d(p) = 3*p - 5*p + j*p + 34 - p. Calculate d(-17).
0
Let r(b) = -2*b**2 - 9*b + 16. Let o(v) = -3*v**2 - 13*v + 31. Let n(w) = -4*o(w) + 7*r(w). Determine n(-5).
-7
Let k(c) = 369*c + 1487. Let g be k(-4). Let w(v) be the first derivative of -5 + 6*v**2 + 10/3*v**3 - 1/4*v**4 - 8*v. Calculate w(g).
3
Let v(h) = -8*h + 4. Let n(m) = -3*m - 10 + 24 - 12. Let w(f) = -5*n(f) + 2*v(f). What is w(0)?
-2
Let f = 233 + -234. Let b(u) = -u**3 - u**2 - 1. Suppose 25 = 5*m - a, m + 4*a - 13 = 13. Let v(k) = -7*k**3 - 12. Let g(t) = f*v(t) + m*b(t). Calculate g(6).
6
Let s(q) = 130*q + 141*q + 132*q + 10 - 409*q. Calculate s(-5).
40
Let h(b) = -b**2 - 8 - 2*b**3 - 7378*b + 7378*b. What is h(-2)?
4
Let f(q) = -25*q + 84. Let u(v) = 13*v - 39. Let n(j) = 6*f(j) + 13*u(j). Determine n(-2).
-41
Let d be (-12)/(-60) - (-19)/5. Suppose d*b - 15 = -b. Suppose 3*k + 5*h - 1 - b = 0, -16 = 5*k - 3*h. Let c(u) = -2*u**2 - 3*u. What is c(k)?
-2
Let f(x) = -6*x + 1. Let a(h) = h. Let w(j) = 5*a(j) + f(j). Suppose -2*i + 260 = 4*l, 4*l + 2*i - 260 = -2*i. Suppose l*n + 12 = 67*n. Give w(n).
-5
Suppose -150*n = -145*n - 10. Let r(i) = -n + 4*i + 0 + 0 - 3*i. Calculate r(0).
-2
Let s(z) be the third derivative of z**6/120 + z**5/3 - z**4/24 + 2*z**3/3 + 1850*z**2. Give s(-20).
24
Let z(x) = -17*x - 25. Let v(s) = -22*s - 21. Let i(u) = 2*v(u) - 3*z(u). Give i(4).
61
Let d(z) = -z**2 - 6. Let g(j) = j**2 + 9*j - 23. Let s be g(-10). Let f be (-13)/(-5) + s/5 + 2. Let u be 2/9 + (f - (-40)/(-18)). What is d(u)?
-6
Let s(k) be the second derivative of -k**3/6 - k**2/2 - 5*k. Suppose 5*c + 5*m = 50, m - 5*m - 77 = -5*c. Suppose -3*r = r - c*r. Give s(r).
-1
Let n(u) be the first derivative of -3*u**3 - u - 4442. What is n(-1)?
-10
Let s(o) = 6 + 1 - 5 - 4 + o**3 - o - 1 + 11*o**2. Let u(z) = -z**2 + 24*z + 41. Let f be u(26). Determine s(f).
8
Suppose -38*u - 80 + 4 = 0. Let i(y) = -2*y - 17. Determine i(u).
-13
Let w(m) = m**2 + 6*m + 22. Let t(z) = z**2 + 8*z + 20. Let j(o) = 3*t(o) - 2*w(o). Determine j(-2).
-4
Suppose b = 5*b. Suppose 12*n - 10*n - 2 = b. Let r(z) = 7*z - 2 + 0*z + n - 4*z. Determine r(-3).
-10
Let f(x) = 11*x**2 - 7*x + 27. Let b be f(5). Let t = b - 263. Let z(s) be the second derivative of -s**5/20 + s**4/4 + s**3/3 - 2*s**2 - s. What is z(t)?
-12
Let d(w) = -w. Let u be 6/(9/(1116/(-8))). Let c = u + 85. What is d(c)?
8
Let d be -70 + 65 - (-1 + 15). Let h(n) = 2*n + 61. What is h(d)?
23
Let v(z) be the third derivative of -z**5/20 - z**4/3 + 5*z**3/3 - 3736*z**2. Give v(4).
-70
Let y(k) = -6*k + 29. Let q(u) = 5*u - 27. Let m(x) = -5*q(x) - 6*y(x). Let h be m(3). Let j(n) = -n + 2. What is j(h)?
8
Let v(n) be the third derivative of n**6/120 + n**5/12 - n**3/3 + 1704*n**2. Determine v(-4).
14
Let w(d) = 117*d + 45 + d**2 - 232*d + d**2 + 90*d - d**2. What is w(2)?
-1
Let y(t) be the second derivative of -t**4/6 + 7*t**3/6 - 5*t**2/2 - t. Let k(i) = -i**3 + 17*i**2 + 9*i - 8. Let d be k(18). Let z = d + 174. Calculate y(z).
-9
Let u(r) = -12*r**2 + 7*r + 3. Let q(i) be the third derivative of -i**5/30 + i**4/24 + 75*i**2. Let z(j) = 5*q(j) - u(j). Give z(4).
21
Let r(z) = 49 + 54 + 52 - z + 58 - 222. Calculate r(3).
-12
Let n(f) = -5 + 23*f - 4*f**2 + 0 - 13 + 2*f - 5. Let x be n(5). Let l(j) = -2*j**2 - j**3 + 1 + j + 3*j**2 - 2*j. Determine l(x).
-5
Let g(s) = 4*s**2 + s + 4. Let m be ((-6)/7)/((-225)/1050). Let h(c) = -5*c**2 - 3*c - 4. Let i(o) = m*g(o) + 3*h(o). What is i(7)?
18
Let x(b) = b**3 - 2*b**2 - b. Let y(z) = z**2 + 3*z + 5. Let v be y(-2). Suppose 10*r - 39 = -v*r. Determine x(r).
6
Let u(j) = -j**2 - 24*j - 97. Let n = -24 - -19. Calculate u(n).
-2
Let r(o) = 2*o**3 + 83*o**2 - 791*o - 8. Let t be r(8). 